{"id":104,"date":"2018-10-30T14:46:35","date_gmt":"2018-10-30T14:46:35","guid":{"rendered":"http:\/\/www.hrservices.es\/?page_id=104"},"modified":"2023-09-03T17:02:01","modified_gmt":"2023-09-03T17:02:01","slug":"gestion-rrhh","status":"publish","type":"page","link":"http:\/\/wp2.hrservices.es\/?page_id=104","title":{"rendered":"RRHH"},"content":{"rendered":"<h3><\/h3>\n<h3 style=\"text-align: center;\">Diferentes en RRHH<\/h3>\n<p style=\"text-align: left;\"><strong>No somos una empresa de RRHH al uso, no damos servicios de reclutamiento, para eso ya existen consultoras y ETTs con potentes bases de datos.<\/strong><\/p>\n<p style=\"text-align: left;\"><strong>Preferimos realizar un trabajo m\u00e1s estrat\u00e9gico, y orientado a\u00a0 optimizar resultados, de las compa\u00f1\u00edas<\/strong>.<\/p>\n<h3><\/h3>\n<h3 style=\"text-align: center;\">Planificaci\u00f3n de plantillas<img decoding=\"async\" loading=\"lazy\" class=\" wp-image-143 alignright\" src=\"http:\/\/www.hrservices.es\/wp-content\/uploads\/2018\/11\/trace-3157431_1920-300x200.jpg\" alt=\"\" width=\"342\" height=\"228\" srcset=\"http:\/\/wp2.hrservices.es\/wp-content\/uploads\/2018\/11\/trace-3157431_1920-300x200.jpg 300w, http:\/\/wp2.hrservices.es\/wp-content\/uploads\/2018\/11\/trace-3157431_1920-768x512.jpg 768w, http:\/\/wp2.hrservices.es\/wp-content\/uploads\/2018\/11\/trace-3157431_1920-1024x683.jpg 1024w, http:\/\/wp2.hrservices.es\/wp-content\/uploads\/2018\/11\/trace-3157431_1920-700x467.jpg 700w, http:\/\/wp2.hrservices.es\/wp-content\/uploads\/2018\/11\/trace-3157431_1920-520x347.jpg 520w, http:\/\/wp2.hrservices.es\/wp-content\/uploads\/2018\/11\/trace-3157431_1920-360x240.jpg 360w, http:\/\/wp2.hrservices.es\/wp-content\/uploads\/2018\/11\/trace-3157431_1920-250x167.jpg 250w, http:\/\/wp2.hrservices.es\/wp-content\/uploads\/2018\/11\/trace-3157431_1920-100x67.jpg 100w, http:\/\/wp2.hrservices.es\/wp-content\/uploads\/2018\/11\/trace-3157431_1920.jpg 1920w\" sizes=\"(max-width: 342px) 100vw, 342px\" \/><\/h3>\n<p>Una plantilla ajustada a las necesidades de la empresa, dar\u00e1 como resultado un coste-productividad optimo.<\/p>\n<p>Hay opciones poco explotadas en la organizaci\u00f3n de la empresas que pueden dar resultados \u00f3ptimos, y con costes reducidos. Estudiamos cada caso y ofrecemos una planificaci\u00f3n a medida.<\/p>\n<h3 style=\"text-align: center;\"><img decoding=\"async\" loading=\"lazy\" class=\"wp-image-144 alignleft\" src=\"http:\/\/www.hrservices.es\/wp-content\/uploads\/2018\/11\/time-2676366_1920-300x129.jpg\" alt=\"\" width=\"381\" height=\"164\" srcset=\"http:\/\/wp2.hrservices.es\/wp-content\/uploads\/2018\/11\/time-2676366_1920-300x129.jpg 300w, http:\/\/wp2.hrservices.es\/wp-content\/uploads\/2018\/11\/time-2676366_1920-768x331.jpg 768w, http:\/\/wp2.hrservices.es\/wp-content\/uploads\/2018\/11\/time-2676366_1920-1024x442.jpg 1024w, http:\/\/wp2.hrservices.es\/wp-content\/uploads\/2018\/11\/time-2676366_1920-700x302.jpg 700w, http:\/\/wp2.hrservices.es\/wp-content\/uploads\/2018\/11\/time-2676366_1920-520x224.jpg 520w, http:\/\/wp2.hrservices.es\/wp-content\/uploads\/2018\/11\/time-2676366_1920-360x155.jpg 360w, http:\/\/wp2.hrservices.es\/wp-content\/uploads\/2018\/11\/time-2676366_1920-250x108.jpg 250w, http:\/\/wp2.hrservices.es\/wp-content\/uploads\/2018\/11\/time-2676366_1920-100x43.jpg 100w, http:\/\/wp2.hrservices.es\/wp-content\/uploads\/2018\/11\/time-2676366_1920.jpg 1920w\" sizes=\"(max-width: 381px) 100vw, 381px\" \/>Presupuestos Vs coste real<\/h3>\n<p>Una planificaci\u00f3n no es \u00fatil sin un seguimiento de la efectividad.<\/p>\n<p>El seguimiento del presupuesto vs el coste real meses a mes, puede detectar desviaciones con la antelaci\u00f3n suficiente para tomar una decisi\u00f3n. El an\u00e1lisis a tiempo, protege a su compa\u00f1\u00eda de ante cualquier futura incidencia.<\/p>\n","protected":false},"excerpt":{"rendered":"<p>Diferentes en RRHH No somos una empresa de RRHH al uso, no damos servicios de reclutamiento, para eso ya existen consultoras y ETTs con potentes bases de datos. Preferimos realizar un trabajo m\u00e1s estrat\u00e9gico, y orientado a\u00a0 optimizar resultados, de las compa\u00f1\u00edas. Planificaci\u00f3n de plantillas Una plantilla ajustada a las necesidades de la empresa, dar\u00e1 &hellip; <\/p>\n<p class=\"link-more\"><a href=\"http:\/\/wp2.hrservices.es\/?page_id=104\" class=\"more-link\">Continuar leyendo<span class=\"screen-reader-text\"> \u00abRRHH\u00bb<\/span><\/a><\/p>\n","protected":false},"author":2,"featured_media":238,"parent":0,"menu_order":2,"comment_status":"closed","ping_status":"closed","template":"","meta":{"footnotes":""},"_links":{"self":[{"href":"http:\/\/wp2.hrservices.es\/index.php?rest_route=\/wp\/v2\/pages\/104"}],"collection":[{"href":"http:\/\/wp2.hrservices.es\/index.php?rest_route=\/wp\/v2\/pages"}],"about":[{"href":"http:\/\/wp2.hrservices.es\/index.php?rest_route=\/wp\/v2\/types\/page"}],"author":[{"embeddable":true,"href":"http:\/\/wp2.hrservices.es\/index.php?rest_route=\/wp\/v2\/users\/2"}],"replies":[{"embeddable":true,"href":"http:\/\/wp2.hrservices.es\/index.php?rest_route=%2Fwp%2Fv2%2Fcomments&post=104"}],"version-history":[{"count":17,"href":"http:\/\/wp2.hrservices.es\/index.php?rest_route=\/wp\/v2\/pages\/104\/revisions"}],"predecessor-version":[{"id":247,"href":"http:\/\/wp2.hrservices.es\/index.php?rest_route=\/wp\/v2\/pages\/104\/revisions\/247"}],"wp:featuredmedia":[{"embeddable":true,"href":"http:\/\/wp2.hrservices.es\/index.php?rest_route=\/wp\/v2\/media\/238"}],"wp:attachment":[{"href":"http:\/\/wp2.hrservices.es\/index.php?rest_route=%2Fwp%2Fv2%2Fmedia&parent=104"}],"curies":[{"name":"wp","href":"https:\/\/api.w.org\/{rel}","templated":true}]}}