{"id":2,"date":"2018-10-24T06:45:46","date_gmt":"2018-10-24T06:45:46","guid":{"rendered":"http:\/\/www.hrservices.es\/?page_id=2"},"modified":"2023-09-03T17:02:48","modified_gmt":"2023-09-03T17:02:48","slug":"pagina-ejemplo","status":"publish","type":"page","link":"http:\/\/wp2.hrservices.es\/?page_id=2","title":{"rendered":"N\u00f3mina"},"content":{"rendered":"<p>&nbsp;<\/p>\n<h3 style=\"text-align: center;\">Externalizaci\u00f3n de la n\u00f3mina<\/h3>\n<p style=\"text-align: center;\"><strong>Una forma de optimizar los recursos de las empresas es sub-contratar aquellos procesos\u00a0 administrativos o de producci\u00f3n que son susceptibles de gestionarse de forma externa y que permite mejorar\u00a0 aspectos de la empresa, dentro de los campos de la calidad y la\u00a0 innovaci\u00f3n.<\/strong><\/p>\n<p>&nbsp;<\/p>\n<h3>Ventajas de la externalizaci\u00f3n de n\u00f3mina\u00a0<img decoding=\"async\" loading=\"lazy\" class=\" wp-image-134 alignright\" src=\"http:\/\/www.hrservices.es\/wp-content\/uploads\/2018\/11\/agreement-3737235_1920-300x246.jpg\" alt=\"\" width=\"291\" height=\"239\" srcset=\"http:\/\/wp2.hrservices.es\/wp-content\/uploads\/2018\/11\/agreement-3737235_1920-300x246.jpg 300w, http:\/\/wp2.hrservices.es\/wp-content\/uploads\/2018\/11\/agreement-3737235_1920-768x629.jpg 768w, http:\/\/wp2.hrservices.es\/wp-content\/uploads\/2018\/11\/agreement-3737235_1920-1024x838.jpg 1024w, http:\/\/wp2.hrservices.es\/wp-content\/uploads\/2018\/11\/agreement-3737235_1920-700x573.jpg 700w, http:\/\/wp2.hrservices.es\/wp-content\/uploads\/2018\/11\/agreement-3737235_1920-520x426.jpg 520w, http:\/\/wp2.hrservices.es\/wp-content\/uploads\/2018\/11\/agreement-3737235_1920-360x295.jpg 360w, http:\/\/wp2.hrservices.es\/wp-content\/uploads\/2018\/11\/agreement-3737235_1920-250x205.jpg 250w, http:\/\/wp2.hrservices.es\/wp-content\/uploads\/2018\/11\/agreement-3737235_1920-100x82.jpg 100w, http:\/\/wp2.hrservices.es\/wp-content\/uploads\/2018\/11\/agreement-3737235_1920.jpg 1920w\" sizes=\"(max-width: 291px) 100vw, 291px\" \/><\/h3>\n<p>En compa\u00f1\u00edas con procesos de trabajo\u00a0 bien definidos, puede aportar una mejora en los siguientes campos:<\/p>\n<ul>\n<li>Reducci\u00f3n de costes<\/li>\n<li>Reducci\u00f3n de procesos administrativos<\/li>\n<li>Siempre actualizado a la normativa legal<\/li>\n<li>Atenci\u00f3n personalizada por profesionales<\/li>\n<\/ul>\n<p>&nbsp;<\/p>\n<h3 style=\"text-align: center;\">Servicios a medida\u00a0<img decoding=\"async\" loading=\"lazy\" class=\" wp-image-136 alignleft\" src=\"http:\/\/www.hrservices.es\/wp-content\/uploads\/2018\/11\/ewan-robertson-208022-unsplash-300x200.jpg\" alt=\"\" width=\"300\" height=\"201\" srcset=\"http:\/\/wp2.hrservices.es\/wp-content\/uploads\/2018\/11\/ewan-robertson-208022-unsplash-300x200.jpg 300w, http:\/\/wp2.hrservices.es\/wp-content\/uploads\/2018\/11\/ewan-robertson-208022-unsplash-768x512.jpg 768w, http:\/\/wp2.hrservices.es\/wp-content\/uploads\/2018\/11\/ewan-robertson-208022-unsplash-1024x683.jpg 1024w, http:\/\/wp2.hrservices.es\/wp-content\/uploads\/2018\/11\/ewan-robertson-208022-unsplash-700x467.jpg 700w, http:\/\/wp2.hrservices.es\/wp-content\/uploads\/2018\/11\/ewan-robertson-208022-unsplash-520x347.jpg 520w, http:\/\/wp2.hrservices.es\/wp-content\/uploads\/2018\/11\/ewan-robertson-208022-unsplash-360x240.jpg 360w, http:\/\/wp2.hrservices.es\/wp-content\/uploads\/2018\/11\/ewan-robertson-208022-unsplash-250x167.jpg 250w, http:\/\/wp2.hrservices.es\/wp-content\/uploads\/2018\/11\/ewan-robertson-208022-unsplash-100x67.jpg 100w\" sizes=\"(max-width: 300px) 100vw, 300px\" \/><\/h3>\n<p>El estudio inicial de necesidades que realizamos nos indicar\u00e1 que servicios son los que realmente necesita cubrir de forma externa.<\/p>\n<p>Gesti\u00f3n de n\u00f3mina, realizaci\u00f3n de contratos, comunica-ciones con la TGSS, comunicaciones con la Agencia Tributaria &#8230;son algunos de los procesos que ofrecemos.<\/p>\n<p>&nbsp;<\/p>\n<h3>Atenci\u00f3n al empleado\u00a0<img decoding=\"async\" loading=\"lazy\" class=\" wp-image-138 alignright\" src=\"http:\/\/www.hrservices.es\/wp-content\/uploads\/2018\/11\/contact-us-2993000_1920-300x199.jpg\" alt=\"\" width=\"295\" height=\"196\" srcset=\"http:\/\/wp2.hrservices.es\/wp-content\/uploads\/2018\/11\/contact-us-2993000_1920-300x199.jpg 300w, http:\/\/wp2.hrservices.es\/wp-content\/uploads\/2018\/11\/contact-us-2993000_1920-768x508.jpg 768w, http:\/\/wp2.hrservices.es\/wp-content\/uploads\/2018\/11\/contact-us-2993000_1920-1024x678.jpg 1024w, http:\/\/wp2.hrservices.es\/wp-content\/uploads\/2018\/11\/contact-us-2993000_1920-700x463.jpg 700w, http:\/\/wp2.hrservices.es\/wp-content\/uploads\/2018\/11\/contact-us-2993000_1920-520x344.jpg 520w, http:\/\/wp2.hrservices.es\/wp-content\/uploads\/2018\/11\/contact-us-2993000_1920-360x238.jpg 360w, http:\/\/wp2.hrservices.es\/wp-content\/uploads\/2018\/11\/contact-us-2993000_1920-250x165.jpg 250w, http:\/\/wp2.hrservices.es\/wp-content\/uploads\/2018\/11\/contact-us-2993000_1920-100x66.jpg 100w, http:\/\/wp2.hrservices.es\/wp-content\/uploads\/2018\/11\/contact-us-2993000_1920.jpg 1920w\" sizes=\"(max-width: 295px) 100vw, 295px\" \/><\/h3>\n<p style=\"text-align: left;\">Dentro de nuestra filosof\u00eda el empleado es parte importante de nuestra gesti\u00f3n. De su satisfacci\u00f3n se deriva que podamos mantener una comunicaci\u00f3n fluida y nuestro trabajo sea mas efectivo.<\/p>\n<p style=\"text-align: left;\">El trato directo y de calidad, a trav\u00e9s de nuestros profesionales,\u00a0 garantiza el \u00e9xito del proceso de atenci\u00f3n personalizada.<\/p>\n","protected":false},"excerpt":{"rendered":"<p>&nbsp; Externalizaci\u00f3n de la n\u00f3mina Una forma de optimizar los recursos de las empresas es sub-contratar aquellos procesos\u00a0 administrativos o de producci\u00f3n que son susceptibles de gestionarse de forma externa y que permite mejorar\u00a0 aspectos de la empresa, dentro de los campos de la calidad y la\u00a0 innovaci\u00f3n. &nbsp; Ventajas de la externalizaci\u00f3n de n\u00f3mina\u00a0 &hellip; <\/p>\n<p class=\"link-more\"><a href=\"http:\/\/wp2.hrservices.es\/?page_id=2\" class=\"more-link\">Continuar leyendo<span class=\"screen-reader-text\"> \u00abN\u00f3mina\u00bb<\/span><\/a><\/p>\n","protected":false},"author":1,"featured_media":147,"parent":0,"menu_order":3,"comment_status":"closed","ping_status":"open","template":"","meta":{"footnotes":""},"_links":{"self":[{"href":"http:\/\/wp2.hrservices.es\/index.php?rest_route=\/wp\/v2\/pages\/2"}],"collection":[{"href":"http:\/\/wp2.hrservices.es\/index.php?rest_route=\/wp\/v2\/pages"}],"about":[{"href":"http:\/\/wp2.hrservices.es\/index.php?rest_route=\/wp\/v2\/types\/page"}],"author":[{"embeddable":true,"href":"http:\/\/wp2.hrservices.es\/index.php?rest_route=\/wp\/v2\/users\/1"}],"replies":[{"embeddable":true,"href":"http:\/\/wp2.hrservices.es\/index.php?rest_route=%2Fwp%2Fv2%2Fcomments&post=2"}],"version-history":[{"count":8,"href":"http:\/\/wp2.hrservices.es\/index.php?rest_route=\/wp\/v2\/pages\/2\/revisions"}],"predecessor-version":[{"id":248,"href":"http:\/\/wp2.hrservices.es\/index.php?rest_route=\/wp\/v2\/pages\/2\/revisions\/248"}],"wp:featuredmedia":[{"embeddable":true,"href":"http:\/\/wp2.hrservices.es\/index.php?rest_route=\/wp\/v2\/media\/147"}],"wp:attachment":[{"href":"http:\/\/wp2.hrservices.es\/index.php?rest_route=%2Fwp%2Fv2%2Fmedia&parent=2"}],"curies":[{"name":"wp","href":"https:\/\/api.w.org\/{rel}","templated":true}]}}